{"id":3551,"date":"2023-09-25T02:48:43","date_gmt":"2023-09-25T00:48:43","guid":{"rendered":"https:\/\/www.macgleo.com\/blog\/?post_type=tribe_events&#038;p=3551"},"modified":"2023-09-25T02:48:43","modified_gmt":"2023-09-25T00:48:43","slug":"conference-sur-lhistoire-du-cidre","status":"publish","type":"tribe_events","link":"https:\/\/www.macgleo.com\/blog\/event\/conference-sur-lhistoire-du-cidre\/","title":{"rendered":"Conf\u00e9rence sur l\u2019histoire du cidre."},"content":{"rendered":"<figure id=\"attachment_3552\" aria-describedby=\"caption-attachment-3552\" style=\"width: 1600px\" class=\"wp-caption aligncenter\"><a href=\"https:\/\/www.macgleo.com\/blog\/event\/conference-sur-lhistoire-du-cidre\/20200623_conf\/\" rel=\"attachment wp-att-3552\"><img data-opt-id=1237515903  fetchpriority=\"high\" decoding=\"async\" class=\"size-full wp-image-3552\" src=\"https:\/\/mloeudo7ye9b.i.optimole.com\/w:auto\/h:auto\/q:mauto\/f:best\/https:\/\/www.macgleo.com\/blog\/wp-content\/uploads\/2023\/09\/20200623_Conf.png\" alt=\"Le cidre depuis ses origines\" width=\"1600\" height=\"900\" srcset=\"https:\/\/mloeudo7ye9b.i.optimole.com\/w:1600\/h:900\/q:mauto\/f:best\/https:\/\/www.macgleo.com\/blog\/wp-content\/uploads\/2023\/09\/20200623_Conf.png 1600w, https:\/\/mloeudo7ye9b.i.optimole.com\/w:300\/h:169\/q:mauto\/f:best\/https:\/\/www.macgleo.com\/blog\/wp-content\/uploads\/2023\/09\/20200623_Conf.png 300w, https:\/\/mloeudo7ye9b.i.optimole.com\/w:1024\/h:576\/q:mauto\/f:best\/https:\/\/www.macgleo.com\/blog\/wp-content\/uploads\/2023\/09\/20200623_Conf.png 1024w, https:\/\/mloeudo7ye9b.i.optimole.com\/w:768\/h:432\/q:mauto\/f:best\/https:\/\/www.macgleo.com\/blog\/wp-content\/uploads\/2023\/09\/20200623_Conf.png 768w, https:\/\/mloeudo7ye9b.i.optimole.com\/w:1536\/h:864\/q:mauto\/f:best\/https:\/\/www.macgleo.com\/blog\/wp-content\/uploads\/2023\/09\/20200623_Conf.png 1536w\" sizes=\"(max-width: 1200px) 100vw, 1200px\" \/><\/a><figcaption id=\"caption-attachment-3552\" class=\"wp-caption-text\">Cidre; histoire<\/figcaption><\/figure>\n<p>Limit\u00e9e, autant que faire ce peut, aux cidres tels que d\u00e9finis par la r\u00e9glementation fran\u00e7aise, cette conf\u00e9rence est illustr\u00e9e par de nombreux documents.<\/p>\n<p>Elle donne une histoire qui commence avec les premi\u00e8res boissons ferment\u00e9es au Pal\u00e9olithique et de l\u2019\u00e2ge de Bronze jusqu\u2019aux AOP Cornouaille, initiateurs des cidres d\u2019Appellation, et la mode actuelle des Ciders.<\/p>\n<p>Son d\u00e9roul\u00e9 comprend trois grandes p\u00e9riodes : les origines lointaines jusqu\u2019aux d\u00e9but de notre \u00e8re, la rupture agricole du XIV<sup>e <\/sup>si\u00e8cle caus\u00e9e par le Petit \u00c2ge Glaciaire et enfin la p\u00e9riode moderne avec l\u2019invention de la cr\u00eaperie moderne, et le renouveau des cidres de tradition, et la mont\u00e9e en puissance des cidres industriels.<\/p>\n","protected":false},"excerpt":{"rendered":"<p>Limit\u00e9e, autant que faire ce peut, aux cidres tels que d\u00e9finis par la r\u00e9glementation fran\u00e7aise, cette conf\u00e9rence est illustr\u00e9e par de nombreux documents. Elle donne une histoire qui commence avec&hellip;&nbsp;<a href=\"https:\/\/www.macgleo.com\/blog\/event\/conference-sur-lhistoire-du-cidre\/\" rel=\"bookmark\">Lire la suite &raquo;<span class=\"screen-reader-text\">Conf\u00e9rence sur l\u2019histoire du cidre.<\/span><\/a><\/p>\n","protected":false},"author":1,"featured_media":0,"template":"","meta":{"neve_meta_sidebar":"","neve_meta_container":"","neve_meta_enable_content_width":"","neve_meta_content_width":0,"neve_meta_title_alignment":"","neve_meta_author_avatar":"","neve_post_elements_order":"","neve_meta_disable_header":"","neve_meta_disable_footer":"","neve_meta_disable_title":"","_tribe_events_status":"","_tribe_events_status_reason":"","footnotes":""},"tags":[16,44],"tribe_events_cat":[14],"class_list":["post-3551","tribe_events","type-tribe_events","status-publish","hentry","tag-cidre","tag-conference","tribe_events_cat-agenda","cat_agenda"],"_links":{"self":[{"href":"https:\/\/www.macgleo.com\/blog\/wp-json\/wp\/v2\/tribe_events\/3551","targetHints":{"allow":["GET"]}}],"collection":[{"href":"https:\/\/www.macgleo.com\/blog\/wp-json\/wp\/v2\/tribe_events"}],"about":[{"href":"https:\/\/www.macgleo.com\/blog\/wp-json\/wp\/v2\/types\/tribe_events"}],"author":[{"embeddable":true,"href":"https:\/\/www.macgleo.com\/blog\/wp-json\/wp\/v2\/users\/1"}],"version-history":[{"count":3,"href":"https:\/\/www.macgleo.com\/blog\/wp-json\/wp\/v2\/tribe_events\/3551\/revisions"}],"predecessor-version":[{"id":3557,"href":"https:\/\/www.macgleo.com\/blog\/wp-json\/wp\/v2\/tribe_events\/3551\/revisions\/3557"}],"wp:attachment":[{"href":"https:\/\/www.macgleo.com\/blog\/wp-json\/wp\/v2\/media?parent=3551"}],"wp:term":[{"taxonomy":"post_tag","embeddable":true,"href":"https:\/\/www.macgleo.com\/blog\/wp-json\/wp\/v2\/tags?post=3551"},{"taxonomy":"tribe_events_cat","embeddable":true,"href":"https:\/\/www.macgleo.com\/blog\/wp-json\/wp\/v2\/tribe_events_cat?post=3551"}],"curies":[{"name":"wp","href":"https:\/\/api.w.org\/{rel}","templated":true}]}}

Conférence sur l’histoire du cidre.

<figure id="attachment_3552" aria-describedby="caption-attachment-3552" style="width: 1600px" class="wp-caption aligncenter"><a href="https://www.macgleo.com/blog/event/conference-sur-lhistoire-du-cidre/20200623_conf/" rel="attachment wp-att-3552"><img data-opt-id=1237515903  fetchpriority="high" decoding="async" class="size-full wp-image-3552" src="https://mloeudo7ye9b.i.optimole.com/w:auto/h:auto/q:mauto/f:best/https://www.macgleo.com/blog/wp-content/uploads/2023/09/20200623_Conf.png" alt="Le cidre depuis ses origines" width="1600" height="900" srcset="https://mloeudo7ye9b.i.optimole.com/w:1600/h:900/q:mauto/f:best/https://www.macgleo.com/blog/wp-content/uploads/2023/09/20200623_Conf.png 1600w, https://mloeudo7ye9b.i.optimole.com/w:300/h:169/q:mauto/f:best/https://www.macgleo.com/blog/wp-content/uploads/2023/09/20200623_Conf.png 300w, https://mloeudo7ye9b.i.optimole.com/w:1024/h:576/q:mauto/f:best/https://www.macgleo.com/blog/wp-content/uploads/2023/09/20200623_Conf.png 1024w, https://mloeudo7ye9b.i.optimole.com/w:768/h:432/q:mauto/f:best/https://www.macgleo.com/blog/wp-content/uploads/2023/09/20200623_Conf.png 768w, https://mloeudo7ye9b.i.optimole.com/w:1536/h:864/q:mauto/f:best/https://www.macgleo.com/blog/wp-content/uploads/2023/09/20200623_Conf.png 1536w" sizes="(max-width: 1200px) 100vw, 1200px" /></a><figcaption id="caption-attachment-3552" class="wp-caption-text">Cidre; histoire</figcaption></figure>
<p>Limitée, autant que faire ce peut, aux cidres tels que définis par la réglementation française, cette conférence est illustrée par de nombreux documents.</p>
<p>Elle donne une histoire qui commence avec les premières boissons fermentées au Paléolithique et de l’âge de Bronze jusqu’aux AOP Cornouaille, initiateurs des cidres d’Appellation, et la mode actuelle des Ciders.</p>
<p>Son déroulé comprend trois grandes périodes : les origines lointaines jusqu’aux début de notre ère, la rupture agricole du XIV<sup>e </sup>siècle causée par le Petit Âge Glaciaire et enfin la période moderne avec l’invention de la crêperie moderne, et le renouveau des cidres de tradition, et la montée en puissance des cidres industriels.</p>

<p>Limitée, autant que faire ce peut, aux cidres tels que définis par la réglementation française, cette conférence est illustrée par de nombreux documents. Elle donne une histoire qui commence avec&hellip;&nbsp;<a href="https://www.macgleo.com/blog/event/conference-sur-lhistoire-du-cidre/" rel="bookmark">Lire la suite &raquo;<span class="screen-reader-text">Conférence sur l’histoire du cidre.</span></a></p>
