{"id":3524,"date":"2023-09-07T13:49:26","date_gmt":"2023-09-07T11:49:26","guid":{"rendered":"https:\/\/www.macgleo.com\/blog\/?post_type=tribe_events&#038;p=3524"},"modified":"2023-09-07T17:39:02","modified_gmt":"2023-09-07T15:39:02","slug":"balade-contee-au-verger-de-penfoulig","status":"publish","type":"tribe_events","link":"https:\/\/www.macgleo.com\/blog\/event\/balade-contee-au-verger-de-penfoulig\/","title":{"rendered":"Balade cont\u00e9e au verger de Penfoulig"},"content":{"rendered":"<figure id=\"attachment_3516\" aria-describedby=\"caption-attachment-3516\" style=\"width: 1000px\" class=\"wp-caption aligncenter\"><a href=\"https:\/\/www.macgleo.com\/blog\/?attachment_id=3516\" rel=\"attachment wp-att-3516\"><img data-opt-id=166546143  fetchpriority=\"high\" decoding=\"async\" class=\"wp-image-3516 size-full\" src=\"https:\/\/mloeudo7ye9b.i.optimole.com\/w:auto\/h:auto\/q:mauto\/f:best\/https:\/\/www.macgleo.com\/blog\/wp-content\/uploads\/2023\/09\/20160917_PenfouligSpet17.png\" alt=\"Crever de Penfoulig\" width=\"1000\" height=\"562\" srcset=\"https:\/\/mloeudo7ye9b.i.optimole.com\/w:1000\/h:562\/q:mauto\/f:best\/https:\/\/www.macgleo.com\/blog\/wp-content\/uploads\/2023\/09\/20160917_PenfouligSpet17.png 1000w, https:\/\/mloeudo7ye9b.i.optimole.com\/w:300\/h:169\/q:mauto\/f:best\/https:\/\/www.macgleo.com\/blog\/wp-content\/uploads\/2023\/09\/20160917_PenfouligSpet17.png 300w, https:\/\/mloeudo7ye9b.i.optimole.com\/w:768\/h:432\/q:mauto\/f:best\/https:\/\/www.macgleo.com\/blog\/wp-content\/uploads\/2023\/09\/20160917_PenfouligSpet17.png 768w\" sizes=\"(max-width: 1000px) 100vw, 1000px\" \/><\/a><figcaption id=\"caption-attachment-3516\" class=\"wp-caption-text\">Verger de pommes \u00e0 cidre en automne<\/figcaption><\/figure>\n<p><i>Cette marche bucolique est \u00e0 la fois l&rsquo;occasion de d\u00e9couvrir une histoire de la pomme depuis les montagnes d\u2019Orient vers nos vergers d\u2019Occident et de d\u00e9couvrir une pomologie cornouaillaise unique o\u00f9 la pomme \u00e0 croquer, francophone, c\u00f4toie une r\u00e9jouissante culture brittophone de la pommes \u00e0 cidre. Le parcours fait halte aupr\u00e8s de quelques arbres dont l\u2019origine, le nom ou le caract\u00e8re illustrent avec a-propos ce moment partag\u00e9.<\/i><\/p>\n<p><i>Il y a deux arr\u00eats dans le verger de pommes \u00e0 croquer, un premier pour \u00e9voquer une histoire de la pomme, faite de voyages et de m\u00e9tissages, et un second pour rappeler l\u2019importance pass\u00e9e, du commerce de quelques une de ces pommes en Pays Fouesnantais.<\/i><\/p>\n<p><i>Le verger de pommes \u00e0 cidre occasionne trois haltes, une premi\u00e8re pour raconter la navigation de certains de ces fruits depuis le Pays Basque vers nos c\u00f4tes, la seconde pour expliquer leurs apports sur la sp\u00e9cificit\u00e9 unique, du cidre doux-amer fouesnantais et une derni\u00e8re pr\u00e8s d&rsquo;un arbre d&rsquo;une\u00a0vari\u00e9t\u00e9\u00a0dont le nom s\u2019amuse d\u2019anciennes histoires locales.<\/i><\/p>\n<p><i>La balade est bien sur en Fran\u00e7ais, mais le nom de quelques pommes \u00e0 cidre est l\u2019occasion d\u2019un petit cours illustr\u00e9, de Breton.<\/i><\/p>\n","protected":false},"excerpt":{"rendered":"<p>Cette marche bucolique est \u00e0 la fois l&rsquo;occasion de d\u00e9couvrir une histoire de la pomme depuis les montagnes d\u2019Orient vers nos vergers d\u2019Occident et de d\u00e9couvrir une pomologie cornouaillaise unique&hellip;&nbsp;<a href=\"https:\/\/www.macgleo.com\/blog\/event\/balade-contee-au-verger-de-penfoulig\/\" rel=\"bookmark\">Lire la suite &raquo;<span class=\"screen-reader-text\">Balade cont\u00e9e au verger de Penfoulig<\/span><\/a><\/p>\n","protected":false},"author":1,"featured_media":0,"template":"","meta":{"neve_meta_sidebar":"","neve_meta_container":"","neve_meta_enable_content_width":"","neve_meta_content_width":0,"neve_meta_title_alignment":"","neve_meta_author_avatar":"","neve_post_elements_order":"","neve_meta_disable_header":"","neve_meta_disable_footer":"","neve_meta_disable_title":"","_tribe_events_status":"","_tribe_events_status_reason":"","footnotes":""},"tags":[22,40,37,39],"tribe_events_cat":[14],"class_list":["post-3524","tribe_events","type-tribe_events","status-publish","hentry","tag-balade","tag-histoires-contes","tag-pommes","tag-pommiers","tribe_events_cat-agenda","cat_agenda"],"_links":{"self":[{"href":"https:\/\/www.macgleo.com\/blog\/wp-json\/wp\/v2\/tribe_events\/3524","targetHints":{"allow":["GET"]}}],"collection":[{"href":"https:\/\/www.macgleo.com\/blog\/wp-json\/wp\/v2\/tribe_events"}],"about":[{"href":"https:\/\/www.macgleo.com\/blog\/wp-json\/wp\/v2\/types\/tribe_events"}],"author":[{"embeddable":true,"href":"https:\/\/www.macgleo.com\/blog\/wp-json\/wp\/v2\/users\/1"}],"version-history":[{"count":7,"href":"https:\/\/www.macgleo.com\/blog\/wp-json\/wp\/v2\/tribe_events\/3524\/revisions"}],"predecessor-version":[{"id":3531,"href":"https:\/\/www.macgleo.com\/blog\/wp-json\/wp\/v2\/tribe_events\/3524\/revisions\/3531"}],"wp:attachment":[{"href":"https:\/\/www.macgleo.com\/blog\/wp-json\/wp\/v2\/media?parent=3524"}],"wp:term":[{"taxonomy":"post_tag","embeddable":true,"href":"https:\/\/www.macgleo.com\/blog\/wp-json\/wp\/v2\/tags?post=3524"},{"taxonomy":"tribe_events_cat","embeddable":true,"href":"https:\/\/www.macgleo.com\/blog\/wp-json\/wp\/v2\/tribe_events_cat?post=3524"}],"curies":[{"name":"wp","href":"https:\/\/api.w.org\/{rel}","templated":true}]}}

Balade contée au verger de Penfoulig

<figure id="attachment_3516" aria-describedby="caption-attachment-3516" style="width: 1000px" class="wp-caption aligncenter"><a href="https://www.macgleo.com/blog/?attachment_id=3516" rel="attachment wp-att-3516"><img data-opt-id=166546143  fetchpriority="high" decoding="async" class="wp-image-3516 size-full" src="https://mloeudo7ye9b.i.optimole.com/w:auto/h:auto/q:mauto/f:best/https://www.macgleo.com/blog/wp-content/uploads/2023/09/20160917_PenfouligSpet17.png" alt="Crever de Penfoulig" width="1000" height="562" srcset="https://mloeudo7ye9b.i.optimole.com/w:1000/h:562/q:mauto/f:best/https://www.macgleo.com/blog/wp-content/uploads/2023/09/20160917_PenfouligSpet17.png 1000w, https://mloeudo7ye9b.i.optimole.com/w:300/h:169/q:mauto/f:best/https://www.macgleo.com/blog/wp-content/uploads/2023/09/20160917_PenfouligSpet17.png 300w, https://mloeudo7ye9b.i.optimole.com/w:768/h:432/q:mauto/f:best/https://www.macgleo.com/blog/wp-content/uploads/2023/09/20160917_PenfouligSpet17.png 768w" sizes="(max-width: 1000px) 100vw, 1000px" /></a><figcaption id="caption-attachment-3516" class="wp-caption-text">Verger de pommes à cidre en automne</figcaption></figure>
<p><i>Cette marche bucolique est à la fois l&rsquo;occasion de découvrir une histoire de la pomme depuis les montagnes d’Orient vers nos vergers d’Occident et de découvrir une pomologie cornouaillaise unique où la pomme à croquer, francophone, côtoie une réjouissante culture brittophone de la pommes à cidre. Le parcours fait halte auprès de quelques arbres dont l’origine, le nom ou le caractère illustrent avec a-propos ce moment partagé.</i></p>
<p><i>Il y a deux arrêts dans le verger de pommes à croquer, un premier pour évoquer une histoire de la pomme, faite de voyages et de métissages, et un second pour rappeler l’importance passée, du commerce de quelques une de ces pommes en Pays Fouesnantais.</i></p>
<p><i>Le verger de pommes à cidre occasionne trois haltes, une première pour raconter la navigation de certains de ces fruits depuis le Pays Basque vers nos côtes, la seconde pour expliquer leurs apports sur la spécificité unique, du cidre doux-amer fouesnantais et une dernière près d&rsquo;un arbre d&rsquo;une variété dont le nom s’amuse d’anciennes histoires locales.</i></p>
<p><i>La balade est bien sur en Français, mais le nom de quelques pommes à cidre est l’occasion d’un petit cours illustré, de Breton.</i></p>

<p>Cette marche bucolique est à la fois l&rsquo;occasion de découvrir une histoire de la pomme depuis les montagnes d’Orient vers nos vergers d’Occident et de découvrir une pomologie cornouaillaise unique&hellip;&nbsp;<a href="https://www.macgleo.com/blog/event/balade-contee-au-verger-de-penfoulig/" rel="bookmark">Lire la suite &raquo;<span class="screen-reader-text">Balade contée au verger de Penfoulig</span></a></p>
