{"id":3479,"date":"2023-07-25T14:33:23","date_gmt":"2023-07-25T12:33:23","guid":{"rendered":"https:\/\/www.macgleo.com\/blog\/?post_type=tribe_events&#038;p=3479"},"modified":"2023-07-25T15:05:20","modified_gmt":"2023-07-25T13:05:20","slug":"degustation-de-cidres-poissons","status":"publish","type":"tribe_events","link":"https:\/\/www.macgleo.com\/blog\/event\/degustation-de-cidres-poissons\/","title":{"rendered":"D\u00e9gustation de cidres &#038; poissons"},"content":{"rendered":"<p>28 Mai 2023 : d\u00e9gustation de cidres &amp; poissons \u00e0 La For\u00eat Fouesnant.<\/p>\n<h1 class=\"tlg-h1\">Une d\u00e9gustation de cidres et de tapas \u00e0 base de poisson sur le march\u00e9 de La For\u00eat-Fouesnant<\/h1>\n<p>Les<strong> producteurs de cidres de Cornouaille et les ligneurs de la pointe de Bretagne, en partenariat avec le commune de La For\u00eat-Fouesnant,<\/strong> organisent une nouvelle fois l\u2019animation<\/p>\n<p style=\"text-align: center;\"><strong>Poissons et Cidres de Cornouaille<\/strong><\/p>\n<p>pour faire d\u00e9couvrir au public des pr\u00e9parations \u00e0 base de poissons associ\u00e9es \u00e0 des cidres,\u00a0sur le march\u00e9 du dimanche 28 mai de 10h \u00e0 13h, place de la Baie.<\/p>\n<p>Pour en savoir plus sur cet \u00e9v\u00e8nement, vous pouvez lire l&rsquo;article du T\u00e9l\u00e9gramme \u00ab\u00a0<a href=\"https:\/\/www.letelegramme.fr\/finistere\/la-foret-fouesnant-29940\/des-degustations-de-recettes-alliant-cidres-et-poissons-proposees-dimanche-par-le-cidref-a-la-foret-fouesnant-6352152.php\">Des d\u00e9gustations de recettes alliant cidres et poissons propos\u00e9es dimanche par le Cidref \u00e0 la For\u00eat-Fouesnant<\/a>\u00a0\u00bb<\/p>\n<p>&nbsp;<\/p>\n","protected":false},"excerpt":{"rendered":"<p>28 Mai 2023 : d\u00e9gustation de cidres &amp; poissons \u00e0 La For\u00eat Fouesnant. Une d\u00e9gustation de cidres et de tapas \u00e0 base de poisson sur le march\u00e9 de La For\u00eat-Fouesnant&hellip;&nbsp;<a href=\"https:\/\/www.macgleo.com\/blog\/event\/degustation-de-cidres-poissons\/\" rel=\"bookmark\">Lire la suite &raquo;<span class=\"screen-reader-text\">D\u00e9gustation de cidres &#038; poissons<\/span><\/a><\/p>\n","protected":false},"author":1,"featured_media":3481,"template":"","meta":{"neve_meta_sidebar":"","neve_meta_container":"","neve_meta_enable_content_width":"","neve_meta_content_width":0,"neve_meta_title_alignment":"","neve_meta_author_avatar":"","neve_post_elements_order":"","neve_meta_disable_header":"","neve_meta_disable_footer":"","neve_meta_disable_title":"","_tribe_events_status":"","_tribe_events_status_reason":"","footnotes":""},"tags":[16,31,18],"tribe_events_cat":[14],"class_list":["post-3479","tribe_events","type-tribe_events","status-publish","has-post-thumbnail","hentry","tag-cidre","tag-cidref","tag-degustation","tribe_events_cat-agenda","cat_agenda"],"_links":{"self":[{"href":"https:\/\/www.macgleo.com\/blog\/wp-json\/wp\/v2\/tribe_events\/3479","targetHints":{"allow":["GET"]}}],"collection":[{"href":"https:\/\/www.macgleo.com\/blog\/wp-json\/wp\/v2\/tribe_events"}],"about":[{"href":"https:\/\/www.macgleo.com\/blog\/wp-json\/wp\/v2\/types\/tribe_events"}],"author":[{"embeddable":true,"href":"https:\/\/www.macgleo.com\/blog\/wp-json\/wp\/v2\/users\/1"}],"version-history":[{"count":1,"href":"https:\/\/www.macgleo.com\/blog\/wp-json\/wp\/v2\/tribe_events\/3479\/revisions"}],"predecessor-version":[{"id":3480,"href":"https:\/\/www.macgleo.com\/blog\/wp-json\/wp\/v2\/tribe_events\/3479\/revisions\/3480"}],"wp:featuredmedia":[{"embeddable":true,"href":"https:\/\/www.macgleo.com\/blog\/wp-json\/wp\/v2\/media\/3481"}],"wp:attachment":[{"href":"https:\/\/www.macgleo.com\/blog\/wp-json\/wp\/v2\/media?parent=3479"}],"wp:term":[{"taxonomy":"post_tag","embeddable":true,"href":"https:\/\/www.macgleo.com\/blog\/wp-json\/wp\/v2\/tags?post=3479"},{"taxonomy":"tribe_events_cat","embeddable":true,"href":"https:\/\/www.macgleo.com\/blog\/wp-json\/wp\/v2\/tribe_events_cat?post=3479"}],"curies":[{"name":"wp","href":"https:\/\/api.w.org\/{rel}","templated":true}]}}

Dégustation de cidres &#038; poissons

<p>28 Mai 2023 : dégustation de cidres &amp; poissons à La Forêt Fouesnant.</p>
<h1 class="tlg-h1">Une dégustation de cidres et de tapas à base de poisson sur le marché de La Forêt-Fouesnant</h1>
<p>Les<strong> producteurs de cidres de Cornouaille et les ligneurs de la pointe de Bretagne, en partenariat avec le commune de La Forêt-Fouesnant,</strong> organisent une nouvelle fois l’animation</p>
<p style="text-align: center;"><strong>Poissons et Cidres de Cornouaille</strong></p>
<p>pour faire découvrir au public des préparations à base de poissons associées à des cidres, sur le marché du dimanche 28 mai de 10h à 13h, place de la Baie.</p>
<p>Pour en savoir plus sur cet évènement, vous pouvez lire l&rsquo;article du Télégramme « <a href="https://www.letelegramme.fr/finistere/la-foret-fouesnant-29940/des-degustations-de-recettes-alliant-cidres-et-poissons-proposees-dimanche-par-le-cidref-a-la-foret-fouesnant-6352152.php">Des dégustations de recettes alliant cidres et poissons proposées dimanche par le Cidref à la Forêt-Fouesnant</a> »</p>
<p>&nbsp;</p>

<p>28 Mai 2023 : dégustation de cidres &amp; poissons à La Forêt Fouesnant. Une dégustation de cidres et de tapas à base de poisson sur le marché de La Forêt-Fouesnant&hellip;&nbsp;<a href="https://www.macgleo.com/blog/event/degustation-de-cidres-poissons/" rel="bookmark">Lire la suite &raquo;<span class="screen-reader-text">Dégustation de cidres &#038; poissons</span></a></p>
