{"id":944,"date":"2014-04-05T19:52:33","date_gmt":"2014-04-05T17:52:33","guid":{"rendered":"http:\/\/www.macgleo.com\/blog\/?page_id=944"},"modified":"2026-02-10T15:57:39","modified_gmt":"2026-02-10T14:57:39","slug":"macgleo-et-le-cidre","status":"publish","type":"page","link":"https:\/\/www.macgleo.com\/blog\/macgleo-et-le-cidre\/","title":{"rendered":"Qui est Macgleo ?"},"content":{"rendered":"<p><a href=\"http:\/\/www.macgleo.com\/blog\/macgleo-et-le-cornouaille\/dhc20151108\/\" rel=\"attachment wp-att-1595\"><img data-opt-id=1416117871  fetchpriority=\"high\" decoding=\"async\" class=\"wp-image-1595 size-medium alignleft\" src=\"https:\/\/mloeudo7ye9b.i.optimole.com\/w:300\/h:300\/q:mauto\/f:best\/http:\/\/www.macgleo.com\/blog\/wp-content\/uploads\/2014\/04\/DHC20151108.jpg\" alt=\"dhc20151108\" width=\"300\" height=\"300\" srcset=\"https:\/\/mloeudo7ye9b.i.optimole.com\/w:300\/h:300\/q:mauto\/f:best\/https:\/\/www.macgleo.com\/blog\/wp-content\/uploads\/2014\/04\/DHC20151108.jpg 300w, https:\/\/mloeudo7ye9b.i.optimole.com\/w:150\/h:150\/q:mauto\/f:best\/https:\/\/www.macgleo.com\/blog\/wp-content\/uploads\/2014\/04\/DHC20151108.jpg 150w, https:\/\/mloeudo7ye9b.i.optimole.com\/w:750\/h:750\/q:mauto\/f:best\/https:\/\/www.macgleo.com\/blog\/wp-content\/uploads\/2014\/04\/DHC20151108.jpg 750w\" sizes=\"(max-width: 300px) 100vw, 300px\" \/><\/a><\/p>\n<p><strong>Breton de Cornouaille, dessinateur et conteur, Mark GLEONEC (Macgleo) est n\u00e9 au milieu du XXe si\u00e8cle \u00e0 Fouesnant, localit\u00e9 c\u00e9l\u00e8bre pour son cidre.<\/strong><\/p>\n<p>\u00c0 l\u2019heure de la reconqu\u00eate, c\u2019est tout naturellement qu\u2019il s\u2019investit dans l\u2019aventure de l\u2019AOP Cornouaille, un cidre qui faisait le quotidien de son village, en parall\u00e8le \u00e0 ses activit\u00e9s professionnelles dans la communication et l\u2019\u00e9dition.<\/p>\n<p>En 1992, publication du <em>\u00ab Guide du cidre de Cornouaille \u00bb<\/em>, il devient un observateur privil\u00e9gi\u00e9 de la vie du verger et un membre de la premi\u00e8re commission de d\u00e9gustation de l\u2019AOP Cornouaille. Animateur d\u2019ateliers et de causeries autour du cidre, auteur d\u2019articles, il participe \u00e0 de nombreux concours dont celui du salon agricole de Paris.<\/p>\n<p>En 2012 publication d\u2019un recueil d\u2019anecdotes collect\u00e9es dans les\u00a0vergers cornouaillais\u00a0<em>\u00ab Les contes et histoires du pays du cidre \u00bb<\/em>. Depuis quelques temps, Mark Gleonec participe aux travaux du verger conservatoire de Penfoulig et collabore \u00e0 l\u2019organisation du concours de cidre, plus que centenaire, de Fouesnant.<\/p>\n<p>Depuis janvier 2014, Mark Gleonec se consacre enti\u00e8rement aux pommes \u00e0 cidre et aux cidres. Outre sa participation aux animations cidricoles de Fouesnant, il m\u00e8ne un important travail de collectage et d&rsquo;observation sur les vari\u00e9t\u00e9s anciennes en collection au Verger Conservatoire de Penfoulig et voyage r\u00e9guli\u00e8rement sur la plan\u00e8te cidre. Fort de ces exp\u00e9riences, il a cr\u00e9\u00e9 une conf\u00e9rence sur la Tradition du Cidre qu&rsquo;il propose r\u00e9guli\u00e8rement en Bretagne, en France et dans le monde.<\/p>\n<p><em>Photo : D\u00e9gustation \u00e0 Deerfield (MA) USA le 8 11 2015 &#8211; Photo \u00a9 E. Gleonec<\/em><\/p>\n<p>Pour me contacter : <a href=\"mailto:contact@macgleo.cpm\">contact@macgleo.com<\/a><\/p>\n<p>Sistr hag avalo\u00f9 e Bro Gernev &#8211; Histoires de cidre et de pommes en Cornouaille<\/p>\n","protected":false},"excerpt":{"rendered":"<p>Breton de Cornouaille, dessinateur et conteur, Mark GLEONEC (Macgleo) est n\u00e9 au milieu du XXe si\u00e8cle \u00e0 Fouesnant, localit\u00e9 c\u00e9l\u00e8bre pour son cidre. \u00c0 l\u2019heure de la reconqu\u00eate, c\u2019est tout&hellip;&nbsp;<a href=\"https:\/\/www.macgleo.com\/blog\/macgleo-et-le-cidre\/\" rel=\"bookmark\">Lire la suite &raquo;<span class=\"screen-reader-text\">Qui est Macgleo ?<\/span><\/a><\/p>\n","protected":false},"author":1,"featured_media":0,"parent":0,"menu_order":0,"comment_status":"closed","ping_status":"open","template":"","meta":{"neve_meta_sidebar":"","neve_meta_container":"","neve_meta_enable_content_width":"","neve_meta_content_width":0,"neve_meta_title_alignment":"","neve_meta_author_avatar":"","neve_post_elements_order":"","neve_meta_disable_header":"","neve_meta_disable_footer":"","neve_meta_disable_title":"","footnotes":""},"class_list":["post-944","page","type-page","status-publish","hentry"],"_links":{"self":[{"href":"https:\/\/www.macgleo.com\/blog\/wp-json\/wp\/v2\/pages\/944","targetHints":{"allow":["GET"]}}],"collection":[{"href":"https:\/\/www.macgleo.com\/blog\/wp-json\/wp\/v2\/pages"}],"about":[{"href":"https:\/\/www.macgleo.com\/blog\/wp-json\/wp\/v2\/types\/page"}],"author":[{"embeddable":true,"href":"https:\/\/www.macgleo.com\/blog\/wp-json\/wp\/v2\/users\/1"}],"replies":[{"embeddable":true,"href":"https:\/\/www.macgleo.com\/blog\/wp-json\/wp\/v2\/comments?post=944"}],"version-history":[{"count":36,"href":"https:\/\/www.macgleo.com\/blog\/wp-json\/wp\/v2\/pages\/944\/revisions"}],"predecessor-version":[{"id":3892,"href":"https:\/\/www.macgleo.com\/blog\/wp-json\/wp\/v2\/pages\/944\/revisions\/3892"}],"wp:attachment":[{"href":"https:\/\/www.macgleo.com\/blog\/wp-json\/wp\/v2\/media?parent=944"}],"curies":[{"name":"wp","href":"https:\/\/api.w.org\/{rel}","templated":true}]}}

<p><a href="http://www.macgleo.com/blog/macgleo-et-le-cornouaille/dhc20151108/" rel="attachment wp-att-1595"><img data-opt-id=1416117871  fetchpriority="high" decoding="async" class="wp-image-1595 size-medium alignleft" src="https://mloeudo7ye9b.i.optimole.com/w:300/h:300/q:mauto/f:best/http://www.macgleo.com/blog/wp-content/uploads/2014/04/DHC20151108.jpg" alt="dhc20151108" width="300" height="300" srcset="https://mloeudo7ye9b.i.optimole.com/w:300/h:300/q:mauto/f:best/https://www.macgleo.com/blog/wp-content/uploads/2014/04/DHC20151108.jpg 300w, https://mloeudo7ye9b.i.optimole.com/w:150/h:150/q:mauto/f:best/https://www.macgleo.com/blog/wp-content/uploads/2014/04/DHC20151108.jpg 150w, https://mloeudo7ye9b.i.optimole.com/w:750/h:750/q:mauto/f:best/https://www.macgleo.com/blog/wp-content/uploads/2014/04/DHC20151108.jpg 750w" sizes="(max-width: 300px) 100vw, 300px" /></a></p>
<p><strong>Breton de Cornouaille, dessinateur et conteur, Mark GLEONEC (Macgleo) est né au milieu du XXe siècle à Fouesnant, localité célèbre pour son cidre.</strong></p>
<p>À l’heure de la reconquête, c’est tout naturellement qu’il s’investit dans l’aventure de l’AOP Cornouaille, un cidre qui faisait le quotidien de son village, en parallèle à ses activités professionnelles dans la communication et l’édition.</p>
<p>En 1992, publication du <em>« Guide du cidre de Cornouaille »</em>, il devient un observateur privilégié de la vie du verger et un membre de la première commission de dégustation de l’AOP Cornouaille. Animateur d’ateliers et de causeries autour du cidre, auteur d’articles, il participe à de nombreux concours dont celui du salon agricole de Paris.</p>
<p>En 2012 publication d’un recueil d’anecdotes collectées dans les vergers cornouaillais <em>« Les contes et histoires du pays du cidre »</em>. Depuis quelques temps, Mark Gleonec participe aux travaux du verger conservatoire de Penfoulig et collabore à l’organisation du concours de cidre, plus que centenaire, de Fouesnant.</p>
<p>Depuis janvier 2014, Mark Gleonec se consacre entièrement aux pommes à cidre et aux cidres. Outre sa participation aux animations cidricoles de Fouesnant, il mène un important travail de collectage et d&rsquo;observation sur les variétés anciennes en collection au Verger Conservatoire de Penfoulig et voyage régulièrement sur la planète cidre. Fort de ces expériences, il a créé une conférence sur la Tradition du Cidre qu&rsquo;il propose régulièrement en Bretagne, en France et dans le monde.</p>
<p><em>Photo : Dégustation à Deerfield (MA) USA le 8 11 2015 &#8211; Photo © E. Gleonec</em></p>
<p>Pour me contacter : <a href="mailto:contact@macgleo.cpm">contact@macgleo.com</a></p>
<p>Sistr hag avaloù e Bro Gernev &#8211; Histoires de cidre et de pommes en Cornouaille</p>

<p>Breton de Cornouaille, dessinateur et conteur, Mark GLEONEC (Macgleo) est né au milieu du XXe siècle à Fouesnant, localité célèbre pour son cidre. À l’heure de la reconquête, c’est tout&hellip;&nbsp;<a href="https://www.macgleo.com/blog/macgleo-et-le-cidre/" rel="bookmark">Lire la suite &raquo;<span class="screen-reader-text">Qui est Macgleo ?</span></a></p>
